-2))/(18/48) + 16. Suppose -k*h = -h - 1606. What are the prime factors of h?
2, 73
Let v = 992 + -667. Suppose -v = -5*s - 5*k, -4*k + 3*k = 1. Let p = -37 + s. What are the prime factors of p?
29
Suppose -4*b + 61 = 5. Let p = 8 - b. List the prime factors of (-146)/p - (-1)/(-3).
2, 3
Let p be (8/6)/((-4)/(-12)). Let y(v) = 3*v - 60. Let i(q) = q - 15. Let n(j) = p*y(j) - 15*i(j). What are the prime factors of n(-10)?
3, 5
Let i(n) = n**2 - 6*n - 1. Let l be i(5). Let c be l/(-33) + 3516/22. Suppose m - u = 54, -u - c = -3*m - 0*u. List the prime factors of m.
53
Let b = -497 + 1555. What are the prime factors of b?
2, 23
List the prime factors of 0/(-1) + (437 - 10).
7, 61
Let f = 45 - -13. Suppose -3*t + 0*l = -2*l - f, -5*l - 10 = 0. List the prime factors of t.
2, 3
Let j(o) = -10*o - 43. Let k be j(-4). What are the prime factors of -38*((0 - -3) + -2)*k?
2, 3, 19
Suppose 302*f - 311*f + 4239 = 0. What are the prime factors of f?
3, 157
Suppose w = -0*w + 13. Suppose -2*p + 13 = u, -5*u = -5*p + w - 3. Suppose -2*m + 116 = u*o, 0 = 2*o - 3*m - 82 - 4. What are the prime factors of o?
2, 5
Let l(g) = -12*g - 32. Let j = -46 + 38. List the prime factors of l(j).
2
Suppose -5*d - 4*l = 1430, -2*d - l - l = 574. Let r = d + 429. List the prime factors of r.
3, 7
What are the prime factors of 1192/6*36/8?
2, 3, 149
Let c(v) = 2*v**2 - 24*v - 60. List the prime factors of c(26).
2, 167
Let p be (-4)/20 - 36/(-5). Suppose t + 2 = 0, 3*s + 5*t + 23 - p = 0. What are the prime factors of (-2*(44 + -1))/s?
43
Let s(z) = z + 6. Let g be s(-2). Suppose -4*u + g = -44. What are the prime factors of u?
2, 3
Let k(v) = -4*v. Let s be k(-1). Let g be s/1*15/20. Suppose 0 = -0*n - 5*n - z + 112, n - 28 = -g*z. List the prime factors of n.
2, 11
Suppose 0 = -3*a + 7 + 29. Let c(p) = -p - 4 + 34 + 0*p - 2. List the prime factors of c(a).
2
Suppose 11 - 1 = 2*p. Let v be -3 - (p + -1)*-10. Suppose -4*g + u + 126 = -0, -g + v = -3*u. What are the prime factors of g?
31
Suppose 5*j = 5*o - 2135, 6*o = 5*o - 4*j + 407. What are the prime factors of o?
3, 47
Let t = -10 + -2. Let b = 17 + t. Suppose 3*v + b*l - 127 = 0, -4*v - l = -2*l - 200. What are the prime factors of v?
7
Let b(j) = -j**3 + 6*j**2 + 9*j + 15. Let g(q) = -2*q**3 + 10*q**2 + 19*q + 29. Let i(v) = -7*b(v) + 4*g(v). What are the prime factors of i(-5)?
3, 7
Suppose -40*h + 25053 + 2707 = 0. List the prime factors of h.
2, 347
Suppose -h + 27 = 5*k, h - 3 = 2*k + 31. Suppose 64 = 3*s - 4*t, -2*s + h = -s - 4*t. What are the prime factors of s?
2
Suppose -3*i = 3*f - 6, -4*i + 25 = i. Let b(n) = -2*n**3 - 2*n**2 - 4. List the prime factors of b(f).
2
Suppose 4*k - 16 = 0, y - 3*k = 379 + 431. List the prime factors of y.
2, 3, 137
Let u = -5 + 5. Let m = -10 + 10. What are the prime factors of 12 + (u + m - 0)?
2, 3
Suppose 5*d + 252 + 40 = 2*r, 268 = 2*r + d. List the prime factors of r.
2, 17
Let w(t) be the first derivative of t**4/4 + 2*t**3 - t**2 + t + 4. Let i be w(-3). Suppose i - 12 = q. What are the prime factors of q?
2, 11
Let u = -8529 + 13164. List the prime factors of u.
3, 5, 103
Suppose 3*n = 26 + 13. Let q = 43 - n. List the prime factors of q.
2, 3, 5
Suppose 4*o - 2*l - 20 = 2*l, -4*l - 20 = -2*o. Suppose d - 8 - 66 = o. List the prime factors of d.
2, 37
Suppose -10*j - 825 = -11*j. Suppose -g = 4*g - j. List the prime factors of g.
3, 5, 11
Suppose -2*i + 8 = -l, 0 = 3*i - 5*l - 2 - 3. Suppose 5*j = 3*j - 5*f + 19, i*j - 2*f = 62. What are the prime factors of j?
2, 3
Let z = 2406 - 1482. What are the prime factors of z?
2, 3, 7, 11
Suppose 3*l = -1 + 7. Let p(q) = 3*q**l - 5 - q**2 - q**2 - 2 - q. List the prime factors of p(6).
23
Suppose 5*p = -d + 2*p + 864, 0 = 2*d - 5*p - 1761. What are the prime factors of d?
3, 97
Let y be 1/(-3) + -10*(-4)/12. Suppose -y*r = -0*r - 573. List the prime factors of r.
191
Let a(w) = -366*w - 210. List the prime factors of a(-5).
2, 3, 5
Suppose 0 = -5*h + 15, 605 = 2*p - 4*h - 959. List the prime factors of p.
2, 197
Let b(s) = 13*s + 44. Let z be b(-3). Suppose -4*o + v + 281 = -o, 4*v = -5*o + 440. Suppose -z*u = -342 + o. What are the prime factors of u?
2, 5
Let l = 101 - -33. Suppose 615 = 7*o - l. What are the prime factors of o?
107
Let z(i) = 136*i**2 + 28*i - 18. What are the prime factors of z(4)?
2, 5, 227
Suppose -631*m = -635*m + 6756. What are the prime factors of m?
3, 563
List the prime factors of (2/3)/((-44870)/5610 - -8).
2, 11, 17
Let t = -1311 - -2474. What are the prime factors of t?
1163
Let j = -1730 + 3087. List the prime factors of j.
23, 59
Let s = 457 + 385. List the prime factors of s.
2, 421
Suppose -11*i + 6*i - 1135 = 0. Let j = i + 411. List the prime factors of j.
2, 23
Let m = -2325 - -2459. What are the prime factors of m?
2, 67
Suppose 126 = -6*d + 7*d. Let j = d - 39. Let u = -40 + j. What are the prime factors of u?
47
Let k = 3 + 0. Suppose 3*t = -k*h + 96, t + 4*t - 124 = -4*h. Suppose 22 = 2*p - h. What are the prime factors of p?
29
Let s be 10/8*-1*4. Let o(l) = 3*l**2 + 14. List the prime factors of o(s).
89
Let n(a) = -a**3 + 22*a**2 + 14*a + 33. List the prime factors of n(12).
3, 547
Suppose -2*i - 65 = -891. Suppose -5*r + i = -352. List the prime factors of r.
3, 17
Let i(q) = -6*q**3 - q**2 - q + 1. Let z be i(1). Let k = z + 12. Suppose 0*j = k*j - 195. What are the prime factors of j?
3, 13
Let v(d) = 381*d + 4. What are the prime factors of v(1)?
5, 7, 11
Suppose -16*f - 20 = -20*f. Suppose 0 = f*c - 85 - 480. What are the prime factors of c?
113
Suppose 0 = 2*o + 2*o + 64. Let d(i) = -4*i - 37. List the prime factors of d(o).
3
Suppose -4*o + 3*l = 2, 2*l + 1 = -o + 6*o. List the prime factors of 33 + 5*o/5.
2, 17
Suppose 2*t = 4*t - 4. Suppose -4*h - t*h = 0. Suppose h*d - 225 = -5*d. List the prime factors of d.
3, 5
Suppose 7*v - 138 = 4*v. List the prime factors of v.
2, 23
Suppose -b = -3*h - 1601, 2*h - 3*h = -3*b + 4811. What are the prime factors of b?
2, 401
Let z = 399 + -140. List the prime factors of z.
7, 37
Let m(o) = 17*o**2 - 41*o + 22. List the prime factors of m(-11).
2, 5, 11, 23
Let x(b) = -108*b**3 + 5*b**2 + 8*b + 12. List the prime factors of x(-2).
2, 5, 11
Suppose 2*q = -3*k - k + 12, 5 = 2*q - 3*k. Suppose 0 = s + q*s + 55. Let m = -5 - s. List the prime factors of m.
2, 3
Let k = -65 + 753. List the prime factors of k.
2, 43
List the prime factors of 2/(3/9 + (-8239)/24843).
7, 13
Let s = 81 + -84. Let q(a) = 5*a**2 + 6*a + 11. What are the prime factors of q(s)?
2, 19
Let c = 4 + -1. Suppose -c*m + 25 = 2*m. What are the prime factors of 9/(m/(40/6))?
2, 3
Suppose 159 = o - 6*r + 3*r, -2*o + 278 = 4*r. List the prime factors of o.
3, 7
Let w(f) be the third derivative of f**5/60 - 7*f**4/12 + 5*f**3/2 - 2*f**2. Let y be w(13). Let b = 17 - y. List the prime factors of b.
3, 5
Suppose 8005 + 7049 = 6*j. What are the prime factors of j?
13, 193
Suppose 171 = -2*l - 43. Let j = l - -185. What are the prime factors of j?
2, 3, 13
Let g(p) = -p + 9. Let u be g(0). Let z be (-4)/18 + 20/u. Suppose y = -z*y + 39. List the prime factors of y.
13
Let q(m) = -m**2 - 21*m + 7. Let n(b) = -3*b - 55. Let s be n(-13). List the prime factors of q(s).
3, 29
Let w(h) = -8 + 2*h**2 + 7 - 5*h**3 + 0*h**2. Let t be w(-1). List the prime factors of (0 + t)/((-3)/(-4)).
2
Let q be 1/(26/16*2 - 3). List the prime factors of (-246)/4*q/(-6).
41
Let w(q) = q + 13. Let z be -7*(3 + -2)*-1. Let u be (18/(-4))/(z/(-14)). What are the prime factors of w(u)?
2, 11
Let u = 1176 - 840. List the prime factors of u.
2, 3, 7
Suppose -8*h = 47 + 1. List the prime factors of (2/h*3)/(2/(-22)).
11
Let c(j) = -3*j**3 - 14*j**2 - 8*j - 15. List the prime factors of c(-10).
3, 5, 37
Suppose 6*u - 2954 = -u. What are the prime factors of u?
2, 211
Let m(o) = 4*o + 44. Let n be m(-10). Suppose 0 = -4*s, n*v - 142 = 3*v - 2*s. What are the prime factors of v?
2, 71
Let m(a) = 4*a**2 + 53*a - 1. List the prime factors of m(-18).
11, 31
What are the prime factors of (585/78)/(3*(-2)/(-1456))?
2, 5, 7, 13
Suppose -4*o + 32 = -0*o. Suppose o*c = 3*c + 10. Suppose 5*a = n - 37, 5*a + 9 = c*n - 45. What are the prime factors of n?
17
What are the prime factors of (1179 + 1 + 4)/2?
2, 37
Let n be